greatest common divisor of j and z.
17
Suppose -5*o + 375 = 5*h, 5*h + 22 + 3 = 0. Calculate the greatest common factor of 200 and o.
40
Let i(a) = 4*a - 4. Let b be i(3). Let q be 2*((-168)/14 - -14). What is the highest common factor of b and q?
4
Suppose s = -4*p + 100, 84 = 4*p - 3*s - 0*s. Calculate the greatest common factor of 996 and p.
12
Let q = 71 + -9. Suppose -63*s + 91 = -q*s. Suppose 0 = 2*y - w - 29, -67 = -4*y + 5*w - 0. What is the highest common divisor of y and s?
13
Suppose 0 - 4 = -4*i + 5*m, -m = -4. Calculate the greatest common divisor of i and 192.
6
Suppose 9*r - 55 = 305. Calculate the greatest common factor of r and 90.
10
Suppose 3*l = -2*g + 220, l + 296 = 5*l + 4*g. Let y be (0 + 1)/(12/1164) - 1. What is the highest common factor of l and y?
24
Let d(s) = 2*s + 232. Let b be d(-16). Calculate the greatest common factor of 50 and b.
50
Let q(a) = -a**2 + 3*a + 6. Let i be q(5). Let k = -4 - i. Suppose k = f + 2*f - 42. What is the greatest common divisor of 14 and f?
14
Suppose z + 2 = 16. Let u = 154 - 140. What is the highest common factor of u and z?
14
Suppose -5*d - 6 = -31. Suppose -m = z - 5*m - 12, -5*z + 108 = 4*m. Suppose -50 = -5*n - 5*s, -n + z = n - 5*s. What is the highest common factor of n and d?
5
Let k = 150 - 112. Suppose -44 = -2*z + k. Calculate the greatest common factor of z and 205.
41
Let b(d) = -6*d**2 + 5*d - 7. Let g be b(3). Let q = g - -65. Let f(k) = 6*k - 5. Let l be f(4). Calculate the highest common divisor of l and q.
19
Let n be 2 + (-304)/(-8) - 3. What is the highest common factor of n and 1?
1
Let j be 5 - (-5)/((-25)/(-2730)). What is the highest common divisor of 29 and j?
29
Let x = -563 + 571. What is the highest common factor of x and 12?
4
Suppose 0 = -65*k + 122 + 3778. Calculate the greatest common divisor of 24 and k.
12
Let i = 59 - 85. Let t = 10 - i. Suppose 0 = 4*u + 2*p - 3*p - 33, 3*u + 3*p = t. Calculate the highest common factor of u and 81.
9
Let x(q) = 8*q**2 - 5*q. Let u be x(1). Suppose -83 = -u*t + 1. Calculate the greatest common factor of 21 and t.
7
Suppose -216 = -4*g - 5*f + f, 2*f = 2. Let u = -7 + g. Suppose 0 = o + o - u. Calculate the greatest common divisor of 46 and o.
23
Suppose -17 + 71 = 2*z. Suppose 29 = c - 2*l, 3*c - 3*l = 51 + z. Let s = -14 + c. What is the highest common divisor of 18 and s?
9
Let d = -22 + 28. Suppose 6*l - d = 3*l. Suppose 5*v - 3*b = 12, 5*b - 4 - 7 = -2*v. What is the highest common factor of l and v?
1
Suppose 3*i - 1037 = -4*m, 4*i - 256 = -10*m + 9*m. Calculate the greatest common factor of 572 and m.
52
Let v(o) = o**2 + 2*o. Suppose 2*y + 4*f + 5 = 5*f, y = 3*f. Let u be v(y). What is the highest common factor of 12 and u?
3
Let w(h) = h**3 + 6*h**2 + h + 6. Let f be w(-6). Let z be ((-24)/9)/(2/6). Let k = f - z. Calculate the greatest common divisor of 12 and k.
4
Let n be (-959)/(-63) + (-87)/27 + 3. What is the greatest common divisor of n and 255?
15
Let i be 3/(-5) - 3/(-5). Let l be (2 - i) + 12*(-4)/(-3). Calculate the greatest common factor of l and 9.
9
Let r = -381 + 433. Calculate the greatest common divisor of 78 and r.
26
Let f(z) = -z**3 + 38*z**2 + 80*z + 28. Let t be f(40). What is the greatest common factor of t and 196?
28
Let k be (-2 - 119)*-4 - 9/3. Calculate the highest common divisor of 37 and k.
37
Let t = -159 + 95. Let w = t - -91. Calculate the greatest common factor of 3 and w.
3
Suppose -z + 6*p = 8*p - 45, -5*p - 135 = -2*z. What is the highest common factor of 11 and z?
11
Let l = -1359 - -1428. What is the highest common factor of 6 and l?
3
Let p be 117/(-156)*(-4)/(-1). Let s = -3 - 11. Let m be (-2)/(s/4 - p). What is the greatest common factor of 8 and m?
4
Let p be ((-665)/(-28) + -4)*(-1 - -5). Suppose -2*n = 3*m - p, 32 = -n + 2*n + 4*m. What is the highest common factor of n and 132?
44
Suppose -4*n = 4*o - 7*n - 252, 0 = -2*o + 3*n + 120. What is the highest common factor of 154 and o?
22
Suppose -223*t = -229*t + 120. What is the highest common factor of 430 and t?
10
Let l = -1006 + 1009. Suppose 0*g = -g + 131. Suppose -5*a + 2*y = 3 - g, 5*y + 20 = 0. What is the highest common divisor of a and l?
3
Let b(j) = -j**3 - 36*j**2 + 78*j + 87. Let a be b(-38). What is the greatest common factor of 1067 and a?
11
Suppose 0 = 3*b + 303 - 1197. Suppose 137 = 5*w - b. Calculate the greatest common factor of w and 58.
29
Let x(j) = 23*j + 3. Let r(w) = -114*w - 16. Let f(t) = 3*r(t) + 14*x(t). Let q be f(-8). Calculate the greatest common divisor of q and 22.
22
Let d be (-1)/(-1) - (-1 - 7)/1. Suppose -4*g + 174 = -g - 3*i, -2*i - 60 = -g. Suppose -2*c = -16 - g. Calculate the greatest common divisor of d and c.
9
Suppose -9 - 31 = -4*s + 4*d, -4*s = d - 40. Let g = 7 + s. Let h(p) = -26*p - 3. Let b be h(-6). Calculate the greatest common divisor of b and g.
17
Suppose -2*l = -5*k + 95, k + 4*l + 43 = 4*k. Let t = k - -12. Let v(p) = p**2 + 2*p - 4. Let g be v(-5). Calculate the greatest common factor of t and g.
11
Let n be 38/247 + 1103/13. Let v = n + -48. Let p = v + -18. What is the greatest common factor of p and 152?
19
Suppose 15*q - 6*q - 10692 = 0. What is the highest common divisor of 18 and q?
18
Let s(w) = 2*w - 18. Let g be s(10). Suppose 0 = u - 19 + g. What is the greatest common divisor of 85 and u?
17
Let d = -32 - -62. Suppose 0 = -2*v + v + d. What is the greatest common factor of 20 and v?
10
Let k = 1886 - 910. What is the greatest common divisor of k and 16?
16
Let d(v) = -3*v - 2. Let p be d(-4). Suppose 255 = 18*y - 195. Calculate the highest common factor of p and y.
5
Let y = -96 + 176. Calculate the greatest common divisor of 16 and y.
16
Suppose 3*g - 4 = 2*i, 3*g - 28 = -0*i - 4*i. Suppose g*p + 50 = 18. Let h = -1 - p. What is the greatest common factor of h and 21?
7
Let d(s) be the first derivative of -s**4/4 + 25*s**3/3 - 3*s**2/2 + 35*s + 15. Let t be d(24). Calculate the highest common factor of 49 and t.
49
Let d(a) = a**2 - 9*a - 15. Let l be d(11). Suppose 33 + l = 4*n. Let j(r) = -22*r + 4. Let g be j(-3). What is the greatest common divisor of g and n?
10
Let v = -8 - -3. Let g = -11 - v. Let o = g + 7. What is the highest common factor of o and 9?
1
Suppose 3*b + 11 = -c + 4*b, -c = 4*b + 1. Let q be (c/(-5))/(5/175). Let d be 5274/q + 2/7. What is the greatest common divisor of d and 12?
12
Let c(w) = -3*w**3 + 3*w**2 + 5*w + 12. Let m be c(-5). What is the greatest common factor of 57 and m?
19
Let d(t) = 2*t**2 + 29*t + 134. Let r be d(-10). Calculate the greatest common factor of 99 and r.
11
Suppose -17*o - 896 = -21*o. What is the highest common factor of 16 and o?
16
Let s(k) = 19*k - 4. Suppose t - 7 = -5. Let d be s(t). What is the highest common factor of 51 and d?
17
Let v be ((-22)/(-10))/(18/90). What is the highest common divisor of v and 4037?
11
Suppose -51 = -2*r - a, 0 = r - 5*a - 98 + 89. Let v(w) = 2*w**2 + w - 3. Let l be v(-3). Calculate the greatest common factor of r and l.
12
Let f(s) = -46*s**2 - 415*s + 4. Let j be f(-9). Calculate the greatest common factor of 2899 and j.
13
Let l be 3/(-18) - (-169)/6. What is the greatest common factor of l and 238?
14
Suppose -i + 5*i = -3*x + 95, x - 53 = 4*i. Let u = 14 + 23. What is the greatest common factor of x and u?
37
Let f = 95 + -56. Let n be 1/(-5 + 114/23). Let l = f + n. What is the highest common divisor of 40 and l?
8
Let b = -1715 + 1740. What is the greatest common divisor of 145 and b?
5
Let m be (254 - (-1 + -4)) + -4. What is the greatest common factor of m and 306?
51
Let s = 3 - -2. Suppose s*v + 166 = 796. Let q be 24/10*(3 - 54/(-12)). What is the greatest common factor of q and v?
18
Let g(j) = 92*j**3 - 1. Let p(m) = m + 10. Let c be p(-9). Let u be g(c). What is the greatest common divisor of u and 13?
13
Let o = -3005 - -4305. Calculate the greatest common factor of o and 195.
65
Suppose 7*p = 5*r + 13 - 2, 3*r - 18 = -4*p. Suppose -1 + 3 = g. Let y = 5 - g. Calculate the highest common factor of y and r.
1
Suppose -8*m - 43 = c - 6*m, c - m + 31 = 0. Let f be ((-14)/c)/(-2*1/(-50)). What is the highest common divisor of 10 and f?
10
Suppose 2*q = 2*t + 3*t - 51, 5*q + 24 = t. Calculate the highest common factor of 81 and t.
9
Let 